{"id":603,"date":"2014-12-15T08:37:25","date_gmt":"2014-12-15T08:37:25","guid":{"rendered":"http:\/\/rhizottome.wordpress.com\/?page_id=1"},"modified":"2025-01-14T12:00:11","modified_gmt":"2025-01-14T11:00:11","slug":"a-propos","status":"publish","type":"page","link":"https:\/\/systole.fr\/rhizottome\/a-propos\/","title":{"rendered":"Le duo"},"content":{"rendered":"<p><em>english | \u65e5\u672c\u8a9e \u00a0| suomi \u00a0&gt;&gt;&gt; below<\/em><\/p>\n<p style=\"text-align: justify;\">\n<p><iframe loading=\"lazy\" title=\"La grotte a\u0300 Pineau #17 - Rhizottome\" width=\"525\" height=\"295\" src=\"https:\/\/www.youtube.com\/embed\/F-CPKFxskXE?feature=oembed\" frameborder=\"0\" allow=\"accelerometer; autoplay; clipboard-write; encrypted-media; gyroscope; picture-in-picture; web-share\" referrerpolicy=\"strict-origin-when-cross-origin\" allowfullscreen><\/iframe><\/p>\n<p style=\"text-align: justify;\">\n<p style=\"text-align: justify;\">Rhizottome est n\u00e9 de la rencontre de deux instruments : celle du saxophone sopranino de Matthieu Metzger et de l&rsquo;accord\u00e9on d&rsquo;Armelle Dousset.<\/p>\n<p style=\"text-align: justify;\">C&rsquo;est d&rsquo;abord dans la rue et les bals qu&rsquo;ils joueront et construiront leur r\u00e9pertoire \u00e0 partir de 2008, en France, au Portugal, en Belgique ou en Italie. Port\u00e9s par les airs \u00abn\u00e9o-traditionnels\u00bb et des m\u00e9lodies plus classiques (Rameau, Telemann, Schubert, Weill), ils composeront progressivement leur propre r\u00e9pertoire, et le pr\u00e9sentent d\u00e9sormais \u00e0 de nouveaux auditoires (dans les th\u00e9\u00e2tres, les festivals de jazz, au Japon, en Cor\u00e9e, en Finlande\u2026)<\/p>\n<p style=\"text-align: justify;\">Rhizot(t)ome vient d&rsquo;un terme ancien d&rsquo;herboristerie d\u00e9signant le \u00ab\u00a0coupeur de racines\u00a0\u00bb. Leur musique est toujours accompagn\u00e9e dans sa cr\u00e9ation de la notion de tradition, avec laquelle on se doit de jouer : renouer avec ses racines pour jouer \u00e0\u00a0s&rsquo;en d\u00e9faire. Le jeu consiste \u00e9galement \u00e0 s&rsquo;en inventer de nouvelles en allant puiser des couleurs, des textures, des carrures rythmiques dans diff\u00e9rents r\u00e9pertoires et r\u00e9gions du monde. Des compositions originales naissent alors de ce processus cr\u00e9atif, r\u00e9v\u00e9lant des territoires po\u00e9tiques\u00a0\u00e0 conqu\u00e9rir.<\/p>\n<p style=\"text-align: justify;\">Prendre, reprendre, retourner des compositions dont les structures sont emprunt\u00e9es aux musiques traditionnelles, les exploser en envol\u00e9es improvis\u00e9es pour mieux les \u00ab\u00a0re-composer\u00a0\u00bb, puis les retrouver &#8211; presque \u2013 intactes.<\/p>\n<p style=\"text-align: justify;\">Ils jouent, tentant de trouver \u00e0 travers l&rsquo;\u00e9coute et l&rsquo;improvisation une \u00e9nergie qui rendrait toutes les danses possibles. Deux sensibilit\u00e9s \u00e0 fleur de peau, entre douceur et coups de gueule : les instruments se parlent, essaient de s&rsquo;apprendre, et de construire \u00e0 chaque fois de nouvelles histoires, de nouvelles danses. Le concert devient bal, et vice-versa.<\/p>\n<p style=\"text-align: justify;\">Un fil se tend entre l&rsquo;ici et le lointain, entre le familier et l&rsquo;\u00e9trange, et c&rsquo;est sur ce fil que se baladent les improvisations. Les codes et les rep\u00e8res sont \u00e0 prendre et \u00e0 envoyer valser. C&rsquo;est donc bien d&rsquo;une cartographie intime et musicale qu&rsquo;il s&rsquo;agit, qui de fait invite au voyage. D&rsquo;o\u00f9 le d\u00e9sir de faire partager ces explorations \u00e0 des publics toujours plus diff\u00e9rents, toujours plus loin dans les corps, l\u00e0 o\u00f9 les traits possibles d&rsquo;un imaginaire commun se tissent.<\/p>\n<p style=\"text-align: justify;\">\n<div id='gallery-1' class='gallery galleryid-603 gallery-columns-3 gallery-size-thumbnail'><figure class='gallery-item'>\n\t\t\t<div class='gallery-icon portrait'>\n\t\t\t\t<a href='https:\/\/systole.fr\/rhizottome\/2017\/03\/04\/finland-and-baltic-states-tour-15\/17342891_1334347003277543_1970725733899691442_n\/'><img width=\"150\" height=\"150\" src=\"https:\/\/systole.fr\/rhizottome\/wp-content\/uploads\/2017\/03\/17342891_1334347003277543_1970725733899691442_n-150x150.jpg\" class=\"attachment-thumbnail size-thumbnail\" alt=\"\" loading=\"lazy\" sizes=\"100vw\" \/><\/a>\n\t\t\t<\/div><\/figure><figure class='gallery-item'>\n\t\t\t<div class='gallery-icon portrait'>\n\t\t\t\t<a href='https:\/\/systole.fr\/rhizottome\/pro\/_mva0947\/'><img width=\"150\" height=\"150\" src=\"https:\/\/systole.fr\/rhizottome\/wp-content\/uploads\/2017\/03\/mva0947-150x150.jpg\" class=\"attachment-thumbnail size-thumbnail\" alt=\"\" loading=\"lazy\" sizes=\"100vw\" \/><\/a>\n\t\t\t<\/div><\/figure>\n\t\t<\/div>\n\n<p style=\"text-align: justify;\">\n<p style=\"text-align: justify;\">Une musique g\u00e9n\u00e9reuse et sensuelle qui cherche \u00e0 rassembler et \u00e0 partir ensemble, d&rsquo;o\u00f9 que l&rsquo;on soit.<\/p>\n<p style=\"text-align: justify;\">\n<p style=\"text-align: center;\">&#8230;&#8230;&#8230;&#8230;&#8230;&#8230;&#8230;&#8230;&#8230;&#8230;&#8230;&#8230;&#8230;..<\/p>\n<p><a name=\"anglais\"><\/a><\/p>\n<p style=\"text-align: justify;\"><em>Rhizottome plays and expands upon themes of traditional music \u2013 exploding them into improvised flights in order to \u00ab re-compose \u00bb them in different and challenging ways. Armelle Dousset and Matthieu Metzger create a remarkable dialogue between the accordion and the sopranino saxophone, a soft and harmonious alliance of timbre and precision. Their music is at once both sensitive and energetic \u2013 jumping from sweet and subtle passages one moment to twisted and chaotic passages the next. Their fascinating exchange brings out a continuous flow of new stories and new dances.<\/em><\/p>\n<p style=\"text-align: justify;\"><em>Armelle and Matthieu started their duo in 2008. At first, they played in the streets, at dancing parties with a repertoire based on neo-traditional tunes and also some classical melodies (Rameau, Telemann, Schubert\u2026). Through the years they have composed their own music, which they mostly perform nowadays, in concert halls, theatres, festivals\u2026 They have recorded two albums released by NoMadMusic. Rhizottome has performed in France, Italy, Portugal, Belgium, Finland, Baltic States, Japan and Korea.<\/em><\/p>\n<p style=\"text-align: justify;\"><em>* Rhizot(t)ome comes from an ancient French word which names the \u201croot cutter\u201d<\/em><\/p>\n<p style=\"text-align: justify;\">\n<p style=\"text-align: justify;\"><img loading=\"lazy\" class=\"  wp-image-636 aligncenter\" src=\"http:\/\/systole.fr\/rhizottome\/wp-content\/uploads\/2017\/03\/modif-c3a0-deux.jpg\" alt=\"modif \u00e0 deux\" width=\"495\" height=\"333\" \/><\/p>\n<p style=\"text-align: justify;\">\n<p style=\"text-align: center;\">&#8230;&#8230;&#8230;&#8230;&#8230;&#8230;&#8230;&#8230;&#8230;&#8230;&#8230;&#8230;&#8230;..<\/p>\n<p style=\"text-align: justify;\">\n<p>\u300cRhizottome(\u30ea\u30be\u30c3\u30c8\u30e1)\u300d\uff08\u53e4\u3044\u30d5\u30e9\u30f3\u30b9\u8a9e\u540d\u8a5e\u3067\u6839\u3092\u5207\u308b\u6f22\u65b9\u533b\u306e\u610f\uff09\u306f\u30a2\u30fc\u30e1\u30eb\uff08\u30a2\u30b3\u30fc\u30c7\u30a3\u30aa\u30f3\uff09\u3068\u30de\u30c1\u30e5\u30fc\uff08\u30bd\u30d7\u30e9\u30cb\u30fc\u30ce\u30fb\u30b5\u30af\u30b9\u30d5\u30a9\u30f3\uff09\u306b\u3088\u308b\u30c7\u30e5\u30aa\u3002\u30d5\u30e9\u30f3\u30b9\u306e\u4f1d\u7d71\u7684\u306a\u6c11\u65cf\u97f3\u697d\u306e\u30c6\u30fc\u30de\u3092\u3001\u5373\u8208\u3084\u69d8\u3005\u306a\u624b\u6cd5\u3092\u53d6\u308a\u5165\u308c\u306a\u304c\u3089\u65b0\u3057\u3044\u89e3\u91c8\u3067\u518d\u69cb\u6210\u3057\u3066\u3044\u308b\u3002\u30e9\u30a4\u30d6\u3067\u306f\u7e4a\u7d30\u3067\u6642\u306b\u30a8\u30cd\u30eb\u30ae\u30c3\u30b7\u30e5\u3001\u7518\u304f\u6642\u306b\u30a2\u30b0\u30ec\u30c3\u30b7\u30d6\u306a\u97f3\u697d\u3078\u3068\u3001\u77ac\u6642\u306b\u79fb\u884c\u3059\u308b\u3002\u65b0\u3057\u3044\u7269\u8a9e\u3092\u7d21\u3050\u3088\u3046\u306b\u5373\u8208\u7684\u306b\u69cb\u6210\u3055\u308c\u3066\u3044\u304f\u6f14\u594f\u306f\u3001\u30b3\u30f3\u30d4\u30e5\u30fc\u30bf\u30fc\u4e3b\u5c0e\u306e\u30aa\u30eb\u30ac\u30f3\u3068\u6b62\u307e\u308b\u4e8b\u306e\u306a\u3044\u30c8\u30fc\u30af\u30dc\u30c3\u30af\u30b9\u3092\u9023\u60f3\u3055\u305b\u308b\u3002\u5f7c\u3089\u81ea\u8eab\u3067\u69cb\u6210\u3055\u308c\u305f\u97f3\u697d\u306f\u723d\u5feb\u3067\u3001\u6311\u6226\u7684\u3067\u3042\u308a\u6c11\u65cf\u97f3\u697d\u306e\u67a0\u3092\u8d8a\u3048\u3001\u30e8\u30fc\u30ed\u30c3\u30d1\u306e\u591a\u304f\u306e\u30d5\u30a7\u30b9\u30c6\u30a3\u30d0\u30eb\u306b\u62db\u8058\u3055\u308c\u3066\u3044\u308b\u3002<\/p>\n<p style=\"text-align: center;\">&#8230;&#8230;&#8230;&#8230;&#8230;&#8230;&#8230;&#8230;&#8230;&#8230;&#8230;&#8230;&#8230;..<\/p>\n<p style=\"text-align: center;\">\n<p style=\"text-align: center;\"><img loading=\"lazy\" class=\"alignnone size-full wp-image-626\" src=\"http:\/\/systole.fr\/rhizottome\/wp-content\/uploads\/2017\/03\/rhizottome_3_c_elie_peres.png\" alt=\"rhizottome_3_c_elie_peres\" width=\"2048\" height=\"875\" \/><\/p>\n<p style=\"text-align: center;\">\n<p style=\"text-align: justify;\">Ranskalaismuusikot haitaristi <strong>Armelle Dousset<\/strong> ja saksofonisti <strong>Matthieu Metzger<\/strong> aloittivat yhteisty\u00f6ns\u00e4 vuonna 2008 soittamalla kadulla ja juhlissa perinteist\u00e4 ja barokkiohjelmistoa. Syntyi duo Rhizottome (tarkoittaa puutarhuria joka katkaisee juuret).\u00a0\u00a0 Vuosien kuluessa Rhizottome on kehitt\u00e4nyt omaper\u00e4isen ohjelmiston, er\u00e4\u00e4nlaisen keksityn kansanperinteen, joka istuttaa juurensa koko maailman musiikkiperinteeseen. Duo tulkitsee ja laajentaa perinnemusiikin teemoja improvisoiden ja s\u00e4velt\u00e4en samalla uutta, mutta niin j\u00e4nnitt\u00e4v\u00e4sti ja ovelasti, ett\u00e4 kaikki saattaa kuulostaa tutulta.\u00a0 Saksofonin ja harmonikan keskustelussa syntyy uusia tarinoita ja uusia tansseja. Rhizottomen sensuelli ja antelias musiikki on valloittanut yleis\u00f6j\u00e4 Euroopasta Japaniin ja saapuu nyt Suomeen sek\u00e4 Baltiaan Frankofonia-kuukauden kunniaksi maaliskuussa.<\/p>\n<p style=\"text-align: justify;\">Duon ensimm\u00e4inen levy <em>L\u2019Amaranthe <\/em>ilmestyi v. 2009. Toinen albumi <em>Rhizottome<\/em> julkaistiin v. 2013. NoMadMusic julkaisi molemmat digiversioina. Rhizottomen uusi albumi on omakustanne, tupla-cd <em>niwashi no yume \/ nenashigusa <\/em>(puutarhurin unelma \/ kiskottu juuriltaan), joka on \u00e4\u00e4nitetty Japanissa syksyll\u00e4 2015 kotonsoittajan <strong>Reiko Imanishin <\/strong>kanssa Rhizottomme ollessaan residenssiss\u00e4 Ky\u00f4tossa Villa Kujoyamassa.<\/p>\n<p style=\"text-align: justify;\">\n<p style=\"text-align: right;\"><span style=\"color: #000000;\"><em><strong>pics\u00a0<\/strong>\u00a0: Mathieu Vladimir Alliard, Jazzkerho-76 &amp; Heikki Ahtola<\/em><\/span><\/p>\n","protected":false},"excerpt":{"rendered":"<p>english | \u65e5\u672c\u8a9e \u00a0| suomi \u00a0&gt;&gt;&gt; below Rhizottome est n\u00e9 de la rencontre de deux instruments : celle du saxophone sopranino de Matthieu Metzger et de l&rsquo;accord\u00e9on d&rsquo;Armelle Dousset. C&rsquo;est d&rsquo;abord dans la rue et les bals qu&rsquo;ils joueront et construiront leur r\u00e9pertoire \u00e0 partir de 2008, en France, au Portugal, en Belgique ou en &hellip; <\/p>\n<p class=\"link-more\"><a href=\"https:\/\/systole.fr\/rhizottome\/a-propos\/\" class=\"more-link\">Continuer la lecture<span class=\"screen-reader-text\"> de &laquo;&nbsp;Le duo&nbsp;&raquo;<\/span><\/a><\/p>\n","protected":false},"author":1,"featured_media":0,"parent":0,"menu_order":0,"comment_status":"open","ping_status":"open","template":"","meta":[],"_links":{"self":[{"href":"https:\/\/systole.fr\/rhizottome\/wp-json\/wp\/v2\/pages\/603"}],"collection":[{"href":"https:\/\/systole.fr\/rhizottome\/wp-json\/wp\/v2\/pages"}],"about":[{"href":"https:\/\/systole.fr\/rhizottome\/wp-json\/wp\/v2\/types\/page"}],"author":[{"embeddable":true,"href":"https:\/\/systole.fr\/rhizottome\/wp-json\/wp\/v2\/users\/1"}],"replies":[{"embeddable":true,"href":"https:\/\/systole.fr\/rhizottome\/wp-json\/wp\/v2\/comments?post=603"}],"version-history":[{"count":1,"href":"https:\/\/systole.fr\/rhizottome\/wp-json\/wp\/v2\/pages\/603\/revisions"}],"predecessor-version":[{"id":1000,"href":"https:\/\/systole.fr\/rhizottome\/wp-json\/wp\/v2\/pages\/603\/revisions\/1000"}],"wp:attachment":[{"href":"https:\/\/systole.fr\/rhizottome\/wp-json\/wp\/v2\/media?parent=603"}],"curies":[{"name":"wp","href":"https:\/\/api.w.org\/{rel}","templated":true}]}}